, 20411
What are the prime factors of 218891133?
3, 17, 476887
What are the prime factors of 355016382?
2, 3, 7, 8452771
What are the prime factors of 166317909?
3, 3251, 17053
List the prime factors of 2395028594.
2, 7, 23, 439, 16943
List the prime factors of 1667519065.
5, 59, 2099, 2693
What are the prime factors of 1465600697?
11, 133236427
List the prime factors of 107168592.
2, 3, 23, 97073
List the prime factors of 472241859.
3, 157413953
List the prime factors of 47703467.
7, 151, 45131
What are the prime factors of 901193640?
2, 3, 5, 809, 9283
List the prime factors of 4706451251.
53, 3617, 24551
What are the prime factors of 223142088?
2, 3, 13, 47, 15217
What are the prime factors of 198779156?
2, 23, 93941
List the prime factors of 5032280.
2, 5, 11, 11437
List the prime factors of 248755457.
73, 3407609
List the prime factors of 226381673.
7, 17, 1902367
What are the prime factors of 1669905512?
2, 11, 17, 101477
What are the prime factors of 17605085?
5, 1223, 2879
What are the prime factors of 95678759?
11, 499, 17431
List the prime factors of 705836846.
2, 11, 13, 2467961
What are the prime factors of 34056961?
947, 35963
List the prime factors of 6790846102.
2, 3395423051
List the prime factors of 109786946.
2, 61, 899893
What are the prime factors of 24601334?
2, 97, 211, 601
List the prime factors of 157573379.
3529, 44651
What are the prime factors of 61110380?
2, 5, 3055519
List the prime factors of 126560948.
2, 3929, 8053
List the prime factors of 393516750.
2, 3, 5, 11, 47699
What are the prime factors of 14073383?
14073383
List the prime factors of 10296456.
2, 3, 23, 811
List the prime factors of 77042152.
2, 11, 79589
What are the prime factors of 28960382?
2, 11, 119671
What are the prime factors of 19005787?
4129, 4603
List the prime factors of 587972370.
2, 3, 5, 17, 1152887
What are the prime factors of 4332081379?
127, 34110877
What are the prime factors of 187817569?
1193, 157433
List the prime factors of 69502180.
2, 5, 11, 61, 5179
What are the prime factors of 819111195?
3, 5, 7, 371479
What are the prime factors of 56605452?
2, 3, 4717121
List the prime factors of 128013220.
2, 5, 577, 11093
What are the prime factors of 638074689?
3, 7, 173, 175633
List the prime factors of 300855114.
2, 3, 7, 795913
List the prime factors of 803446535.
5, 577, 278491
What are the prime factors of 1222536022?
2, 281, 2175331
What are the prime factors of 20525618?
2, 3109, 3301
List the prime factors of 3985784915.
5, 7, 83, 1372043
What are the prime factors of 261636851?
7, 17, 229, 9601
What are the prime factors of 113667696?
2, 3, 433, 1823
List the prime factors of 3007773470.
2, 5, 13, 23136719
List the prime factors of 233566562.
2, 116783281
What are the prime factors of 3514656684?
2, 3, 7, 11, 919, 4139
List the prime factors of 1749324185.
5, 7, 73, 83, 113
What are the prime factors of 214207204?
2, 53551801
What are the prime factors of 95136226?
2, 167, 284839
List the prime factors of 2366246.
2, 1183123
List the prime factors of 29948438.
2, 13, 23, 61, 821
What are the prime factors of 2025381945?
3, 5, 1163, 116101
List the prime factors of 1322243988.
2, 3, 13, 37, 277, 827
What are the prime factors of 87180471?
3, 7, 17, 81401
What are the prime factors of 51589788?
2, 3, 19, 11909
List the prime factors of 2938458558.
2, 3, 7, 9994757
What are the prime factors of 292584383?
7, 13, 3215213
List the prime factors of 40605399.
3, 4511711
What are the prime factors of 137746205?
5, 53, 519797
List the prime factors of 1410840861.
3, 23, 20446969
What are the prime factors of 24678074?
2, 19, 649423
List the prime factors of 62104418.
2, 83, 374123
List the prime factors of 42471339.
3, 14157113
What are the prime factors of 6809079041?
29, 31, 197, 38447
What are the prime factors of 182830909?
73, 1051, 2383
List the prime factors of 340288862.
2, 263, 646937
What are the prime factors of 144308930?
2, 5, 29, 41, 53, 229
What are the prime factors of 165190877?
53, 3116809
What are the prime factors of 4499716049?
79, 56958431
List the prime factors of 307349745.
3, 5, 1889, 10847
What are the prime factors of 1106034654?
2, 3, 17, 29, 167, 2239
List the prime factors of 434534793.
3, 7, 11, 268729
List the prime factors of 227006736.
2, 3, 11, 429937
What are the prime factors of 159879807?
3, 3499, 5077
List the prime factors of 78697107.
3, 19, 460217
What are the prime factors of 1006063494?
2, 3, 41, 131, 31219
What are the prime factors of 259485343?
13, 233, 85667
What are the prime factors of 7826518836?
2, 3, 19, 3814093
List the prime factors of 48791531.
48791531
What are the prime factors of 12531700?
2, 5, 113, 1109
List the prime factors of 1644952400.
2, 5, 7, 13, 45191
List the prime factors of 575428705.
5, 73, 1576517
List the prime factors of 43083471.
3, 151, 95107
What are the prime factors of 2938006895?
5, 17, 47, 735421
What are the prime factors of 41672047?
41672047
List the prime factors of 704784492.
2, 3, 23, 359, 2371
List the prime factors of 910185481.
19, 499, 96001
List the prime factors of 4788781850.
2, 5, 17, 19, 296519
What are the prime factors of 90848781?
3, 23, 103, 4261
List the prime factors of 90728633.
53, 149, 11489
List the prime factors of 179258173.
71, 131, 19273
What are the prime factors of 89813835?
3, 5, 67, 29789
List the prime factors of 30070005.
3, 5, 7, 286381
What are the prime factors of 5245676796?
2, 3, 437139733
List the prime factors of 470463066.
2, 3, 17, 19, 37
List the prime factors of 667468831.
6037, 110563
List the prime factors of 713586330.
2, 3, 5, 127, 149, 419
List the prime factors of 4079118901.
11, 13, 541, 52727
What are the prime factors of 94312586?
2, 1091, 43223
What are the prime factors of 1632516929?
157, 10398197
List the prime factors of 113569097.
113569097
What are the prime factors of 1501935289?
197, 7624037
List the prime factors of 247498013.
7, 35356859
What are the prime factors of 47839814?
2, 11, 53, 89, 461
List the prime factors of 55425699.
3, 7, 23, 29, 1319
What are the prime factors of 1013718?
2, 3, 107, 1579
List the prime factors of 354088060.
2, 5, 239, 74077
List the prime factors of 203453469.
3, 23, 982867
What are the prime factors of 587566237?
5843, 100559
What are the prime factors of 3387288?
2, 3, 113, 1249
List the prime factors of 414410956.
2, 103602739
What are the prime factors of 841809199?
7, 11, 10932587
What are the prime factors of 119135904?
2, 3, 1240999
List the prime factors of 183153133.
183153133
List the prime factors of 5250190.
2, 5, 11, 4339
List the prime factors of 143250363.
3, 1768523
What are the prime factors of 78889078?
2, 17, 293, 7919
What are the prime factors of 1173813760?
2, 5, 7, 31, 2113
List the prime factors of 895361603.
653, 1371151
What are the prime factors of 45354045?
3, 5, 11, 17, 19, 23, 37
List the prime factors of 15580287.
3, 41, 42223
What are the prime factors of 72598772?
2, 17, 19, 83, 677
List the prime factors of 8183158.
2, 43, 95153
What are the prime factors of 1633161785?
5, 2281, 143197
What are the prime factors of 1608425428?
2, 402106357
What are the prime factors of 19183672?
2, 443, 5413
List the prime factors of 443519975.
5, 733, 24203
What are the prime factors of 619889656?
2, 197, 393331
What are the prime factors of 4227167?
7, 603881
What are the prime factors of 5857396066?
2, 79, 37072127
List the prime factors of 61356431.
29, 241, 8779
List the prime factors of 1221692914.
2, 13, 1583, 29683
List the prime factors of 1407736198.
2, 11, 47, 677, 2011
List the prime factors of 496570923.
3, 43, 1283129
List the prime factors of 131480258.
2, 7, 13, 29, 859
What are the prime factors of 11385194?
2, 5692597
List the prime factors of 45079823.
2371, 19013
List the prime factors of 46498513.
29, 1603397
List the prime factors of 366922834.
2, 467, 392851
What are the prime factors of 42003929?
11, 59, 61, 1061
List the prime factors of 67689888.
2, 3, 7, 263, 383
What are the prime factors of 717356157?
3, 7, 17, 61, 32941
List the prime factors of 1588676832.
2, 3, 2129, 2591
What are the prime factors of 171547907?
379, 452633
What are the prime factors of 690991028?
2, 7, 13, 71, 26737
List the prime fact